 + 2*b + 3. Let r be v(2). Suppose 242 = 3*k + 5*f, -r*k - f + 48 + 190 = o. Is k prime?
True
Suppose 3*n + h + 1052 = -h, -1042 = 3*n + 4*h. Let y = -160 - n. Is y composite?
True
Suppose 2*r - 5*l - 36101 = 0, -2*r - 23727 + 59832 = -l. Is r composite?
True
Suppose 5*m + 2312 = 5*o + 8*m, 4*o - 5*m - 1820 = 0. Let l(v) = 270*v**3 - v**2 + v - 1. Let u be l(1). Let f = o - u. Is f a prime number?
True
Let h(z) = z**2 - 2*z - 5. Let u be h(4). Let b be u/((45/(-1956))/(-5)). Suppose b = 5*s - s. Is s prime?
True
Let h be -3 + 8 - 2 - 6324/(-2). Suppose 0 = 6*l - 357 - h. Is l a composite number?
False
Suppose 2*g = 7*g + 10. Let x be -12*(g + 14/6). Is (59/x)/((-12)/48) composite?
False
Suppose 0 = -5*s - x + 3*x + 51715, -4*s = -5*x - 41372. Is s composite?
False
Suppose 3*k - 2*k - 35603 = -5*h, 0 = -4*h - 5*k + 28474. Is h prime?
True
Suppose 5*t - r = 1015, 4*t - 283 - 529 = 5*r. Is t a prime number?
False
Suppose 3*s + 1045 = -5*y + 3615, 2*s - 5*y = 1680. Let j = -337 - -772. Suppose s = l - j. Is l composite?
True
Let x(w) = -24*w + 32741. Is x(0) a composite number?
True
Suppose 0 = -4*g + 10 + 2. Let m(d) = 88*d**2 - 2*d + 3. Is m(g) a prime number?
False
Let n = 16 - 13. Is (-279)/n*(-44)/12 a composite number?
True
Let t(i) = i + 6. Let y be t(-4). Let w be (((-32)/(-2))/2)/2. Suppose 4*u - w*p - 4 = 0, 2*u = u + y*p - 2. Is u composite?
True
Suppose 0*o + 5*t = -4*o + 23, -3 = -t. Let c be 226*(2 - 3/o). Suppose -p = 36 - c. Is p a composite number?
True
Let l = 4767 + 614. Is l a prime number?
True
Suppose 0 = -5*b + 3*x + 27899, -4*x - 11168 = 2*b - 4*b. Is b a prime number?
False
Suppose 0 = -12*m + 2428 + 8. Is m composite?
True
Suppose 8*s - 1904 = 7048. Is s a composite number?
True
Let o = 4223 - 1360. Is o a prime number?
False
Suppose -3*r + 2*p = 2 - 14, r + 5*p = -13. Suppose 2*l - 7*c = -8*c + 159, 0 = -4*l + r*c + 298. Is l a prime number?
False
Let w be 165 + (-4)/22 + (-20)/11. Suppose -w - 1940 = -3*o. Is o a prime number?
True
Let v = 3186 - 1747. Is v composite?
False
Suppose -5*g + 4*s + 50 = 10, 0 = -2*g + 2*s + 18. Suppose -g*c + c = 27. Let x = c - -42. Is x prime?
False
Let h be (-113824)/(-8) - (0 + 2)/(-2). Suppose 8*r - 11507 = h. Is r composite?
False
Let k be -1 - 2/((-4344)/1084 - -4). Let m = 299 - 486. Let n = k + m. Is n a prime number?
True
Suppose -5*q + 26 = -4*q. Suppose 4*t - 42 + q = 0. Suppose 0 = 3*v + t*v - 9527. Is v prime?
True
Let x(o) = -2*o**2 - 5 + 9*o + 2*o**2 - o**2 + 0*o**2. Let i be x(4). Suppose 11*m = i*m - 212. Is m a prime number?
True
Suppose -s + 4 = -2*s, -3*z - 4*s = 7. Suppose 5*l = 2*t + z*l - 1786, -4*t - 5*l = -3536. Is t a prime number?
False
Let s be 2/7 + (-446)/(-7). Suppose -x = -s - 591. Is x a composite number?
True
Let y = 43 + -71. Let c be 15*(4 - y/(-5)). Let f = 93 + c. Is f a composite number?
True
Suppose -2*j + 42108 = 2*k, 5*k - 26605 = -3*j + 36547. Is j composite?
False
Let i be (-2)/2 + (0 - -13). Suppose 34*z = 39*z - 5. Suppose i = 2*d - 5*a - 261, -a + z = 0. Is d composite?
False
Let u(t) = -3314*t**3 + 3*t**2 - 5*t - 15. Is u(-2) prime?
False
Suppose -12*s = -8*s - 16. Suppose r = -w - 0*r + 39, -156 = -s*w + 5*r. Is w a prime number?
False
Let a = -1796 - -3051. Is a prime?
False
Suppose -2*f - 31*h = -26*h - 25881, -4*f = -3*h - 51827. Is f a prime number?
True
Let b(m) = -2493*m**3 + m**2 - 2*m - 2. Let d be b(-1). Suppose -5*x + d = -4*u, -2*x + u + 586 = -411. Suppose 5*n - x = -n. Is n a prime number?
True
Suppose f = -2*f + 18. Let z(m) = -m**2 + 7*m + 6. Let b be z(f). Is 2/(-3)*(-12186)/b a composite number?
False
Let n = -4 - -10. Suppose -4*u + n*u + 416 = 0. Let c = -51 - u. Is c composite?
False
Let n = -477 + 200. Let g be (-183)/((-26)/(-16) - 2). Let c = g + n. Is c a composite number?
False
Let l(x) = -4*x + 3. Suppose 18 = -5*q + 68. Let h be l(q). Let f = 42 - h. Is f a composite number?
False
Let i(z) = -16*z**3 - z**2 - 8*z + 8. Let p be i(3). Let n = -48 - p. Is n composite?
False
Suppose -15 = 28*m - 23*m, -4*m - 1485 = -3*p. Is p prime?
True
Suppose -2*h + 2*u = -900, 2*h + u - 988 + 85 = 0. Is h composite?
True
Is 2125 + 12/(1 + 5) composite?
True
Let u(j) = -7758*j + 11. Is u(-2) a composite number?
False
Let f be 9/12 - 12/16. Suppose f = -6*w - 478 + 2212. Is w a composite number?
True
Suppose 12 = -3*l, v - 2450 = -v + 2*l. Suppose -v = 10*p - 13*p. Is p composite?
True
Suppose 10*o - 6*o - 3*g = 49981, 5*o + g - 62500 = 0. Is o a prime number?
False
Let s(h) be the second derivative of -h**5/5 - h**3/2 + h**2 + 6*h. Is s(-3) composite?
True
Let u(w) be the first derivative of -158*w**2 + 2*w + 9. Let l be u(1). Is l/(-3)*27/6 composite?
True
Let h(j) = 2*j**3 + 12*j**2 - 2*j - 7. Let i be h(-6). Suppose 316 = v + t + 2*t, -4*v + i*t = -1349. Is v a prime number?
True
Let z be 5 + (-1 - 5) + 342. Let o = z + 18. Is o a composite number?
False
Suppose 14*s - 18*s - a + 58678 = 0, 5*s - 73347 = -a. Is s a prime number?
True
Suppose -q = 3*z - 184, 2*z - 4*q = -2*z + 256. Is z a composite number?
True
Suppose -18*i + 1 = -17*i. Is -2*(3 - 2) - i*-33 a prime number?
True
Let y = 1457 + 2732. Is y a prime number?
False
Let q = 184 - 36. Let t = q - 74. Is t prime?
False
Let f = -864 + 2767. Is f a composite number?
True
Suppose 0 = l + 3*l + 2*b - 2770, -5*l + 3470 = 5*b. Is l a prime number?
True
Is 0/15 + (-1)/(2/(-11806)) a composite number?
False
Is 9*752 - (-5 + 12) prime?
True
Suppose -7*a = 5163 - 31154. Let i = -2562 + a. Is i composite?
False
Let a(o) = 1331*o**2 + 26*o - 87. Is a(4) a composite number?
False
Let d = -13 + 14. Let m be (d - -1)/(34/3961). Is 3/(2 + m/(-118)) prime?
False
Is 7/((-140)/(-801984)) + 2/(-10) a composite number?
False
Let f(v) = v + 19. Let g be f(16). Suppose 169 = 36*y - g*y. Is y a composite number?
True
Let t = 1193 - -174. Suppose -5019 = -4*i - t. Is i prime?
False
Let i be ((-1)/(-3)*0)/(-2 + 0). Suppose -4*g + 4019 - 1335 = i. Is g composite?
True
Suppose -165 = -4*u + 9*u. Let g be (-319)/u + (-2)/3. Let d(c) = -c**3 + 9*c**2 + 10*c - 5. Is d(g) a prime number?
False
Let u be 969 - 2*(-2)/4. Suppose 17*j = 15*j + u. Is j composite?
True
Let z(k) = 326*k**2 - 6*k + 23. Is z(3) prime?
True
Let u = -92 - -83. Is 7083/6*(-6)/u a composite number?
False
Let w(r) = -18*r**2 - 9*r + 1. Let p(u) = 17*u**2 + 9*u - 1. Let k(t) = -6*p(t) - 7*w(t). Is k(-6) composite?
False
Let s(x) = -x**3 - 7*x**2 - 6*x. Let i be s(-6). Suppose i = -5*t - 88 + 1548. Suppose -5*w + 4*u + t = -391, -4*w = -5*u - 541. Is w composite?
False
Let t = 46875 + -26348. Is t composite?
True
Let j(o) = -o**3 - 19*o**2 + 24*o - 12. Let d(b) = b**2 - b + 1. Let t(i) = -2*d(i) - j(i). Is t(-18) a prime number?
False
Suppose -232785 - 302099 = -28*o. Is o prime?
False
Let n be (2/(-1 - -3))/(2/(-2)). Is -2 - (-3 + 2) - n*107 prime?
False
Suppose -7*u - 12 = -10*u. Suppose u*k - 24 = 1316. Is k composite?
True
Let l(i) = 75*i - 25. Let f(q) = -19*q + 6. Let v(w) = 9*f(w) + 2*l(w). Is v(-3) composite?
False
Let d(q) = -q**2 + 3*q + 4. Let n be d(4). Suppose c - 6*c + 690 = n. Suppose c = v + v. Is v a prime number?
False
Suppose 0*w - 5*w = -15. Let a be w/(-2) + 52/(-8). Is (-8)/a - 2/(-1) prime?
True
Let l be (1/1)/1 + 283. Let t = 493 + -336. Let d = l - t. Is d a composite number?
False
Suppose 4*v + 36 = -2*p - 2*p, -3*v = 4*p + 29. Let j(h) = -h - 7. Let n be j(v). Let s = 37 - n. Is s a prime number?
True
Suppose 5*q - 13271 = 4*w + 21444, 3*w - 20856 = -3*q. Is q composite?
False
Let j(u) = -9*u**3 - 9*u**2 - 5*u - 1. Let c be j(-6). Let k = c - 958. Is k prime?
True
Let u(h) = h**3 - 13*h**2 + 11*h + 15. Let q be u(12). Let b be 52/(-12) - q/(-9). Is 290 + (0 + 4)/b prime?
False
Let b = -629 + 1204. Suppose v - 763 = -4*g + 2*v, 3*g - b = -2*v. Is g a prime number?
True
Let y = -1 - -13. Let g be (75/y)/(3/132). Suppose 5*r = 2*i + i - g, 3*r - 481 = -5*i. Is i a composite number?
True
Let c be 0 - 0 - (-3 - 1). Suppose -a - 2*a = 4*q - 4909, 0 = 4*a - c*q - 6508. Is a prime?
False
Let f(o) = o**3 + 8*o**2 - 8*o + 5. Let t be f(-9). Is 15*19 - (2 + t) a composite number?
True
Let f(x) = 47*x. Let s be f(1). Suppose -w + 93 = g, 133 = 2*g - w - s. Is g prime?
False
Let m be ((-80)/(-15) + -7)*3*-1. Suppose 